rivative of j**4/12 + j**3 - j**2/2 - 7*j. What is n(y)?
6
Let u(z) be the first derivative of -z**2 - 1. Calculate u(-4).
8
Let h(k) = -3*k**2 - 13*k - 16. Let r(p) = 2*p**2 + 7*p + 8. Let i(b) = 3*h(b) + 5*r(b). What is i(6)?
4
Let m(h) = -4*h - 1. Let n(y) = 3*y + 1. Let q(b) = -4*m(b) - 5*n(b). Suppose -4*s - 4*f + 16 = 0, -s = 3*f + 8 - 22. Determine q(s).
-2
Let i(f) = -f**2 + 9*f + 6. Let v be i(10). Let w be v/(-6) + 78/18. Let n(k) = -k**2 + 7*k - 2. Calculate n(w).
8
Suppose -4*r + 5*l + 18 = 0, -5*l - 1 = 9. Let s(v) = 1 + 6 + 3 - v - r. What is s(0)?
8
Let s(j) be the first derivative of -j**4/4 - 2*j**3 - 2*j**2 - 8*j + 22. Give s(-6).
16
Let v(h) = 3*h - 1. Let x be v(1). Let f(t) = -5*t**2 - t**2 + 4*t**x. Suppose 0 = m - 2*m - 1. Give f(m).
-2
Let d be (1*30/(-5))/2. Let q(o) = -2*o**3 - 4*o**2 + 2*o + 2. Determine q(d).
14
Let v(d) = d**2 - 5*d**2 + 2*d**2 - 2. Let j = 81 - 83. Give v(j).
-10
Let a(n) = -n**3 - 8*n**2 + 7*n + 1. Let b(x) = x**3 + 7*x**2 - 6*x - 1. Let w(t) = 4*a(t) + 5*b(t). Calculate w(-3).
5
Let i(u) be the second derivative of u**3/6 - 45*u. What is i(-1)?
-1
Let w(d) = 0*d - 2*d + d - 6. Let p be w(-5). Let a(i) = -6*i**2 + 1. Let v be a(p). Let b(q) = -q**3 - 5*q**2 + q + 1. Give b(v).
-4
Let p(j) = j - 6. Suppose -2*m = -4*w - 2, 5*w + 0 = -3*m + 3. Calculate p(w).
-6
Suppose 4*n + v - 6*v + 10 = 0, -6 = -5*n - 3*v. Let p(i) = -i**2 + i - 6. Calculate p(n).
-6
Let o(i) be the third derivative of i**6/24 - i**5/60 - i**4/24 - 3*i**2. Let n(d) = -d**3 - 5*d**2 - 5*d. Let z be n(-4). Suppose z*j + 6 = 2. Determine o(j).
-5
Let y(k) = -k - 7. Let b(i) = -1. Let q(a) = 21*b(a) - 3*y(a). What is q(-1)?
-3
Let i(x) be the first derivative of 1/4*x**4 + 0*x - 4/3*x**3 - 1 + 1/2*x**2. Give i(4).
4
Let y(z) = 13*z - 10*z - 2 + 10. Calculate y(-6).
-10
Let c(u) = u + 3 - 1 - 1. Let i be c(1). Let m(j) = 2*j**2 - 2*j - 2. Calculate m(i).
2
Let i(p) be the second derivative of p**3/2 - 3*p**2 + 7*p. Determine i(5).
9
Let v(s) = -6*s - 9. Let z(i) = -9*i - 14. Let g(r) = 8*v(r) - 5*z(r). What is g(-2)?
4
Let x(w) be the second derivative of w**4/12 + w**3/2 - 3*w**2/2 - w. Let q = 20 - 23. Give x(q).
-3
Let t(y) = 4*y + 3 + 0 + 4*y**2 + 0 - y**3. Determine t(5).
-2
Let r(v) = -v**3 + 6*v**2 - 3*v - 4. Suppose 8 = a - 3*a, -4*a + 17 = -3*t. Let i = t - -15. Suppose -15 = f - i*k, 2*f - f - 30 = -5*k. What is r(f)?
6
Let y(j) = -j - 2. Let g be y(-3). Let p(b) = b - 1. Let u(x) be the third derivative of x**4/12 - x**3/2 - x**2. Let m(v) = -12*p(v) + 4*u(v). What is m(g)?
-4
Let u(x) be the second derivative of x**3/6 - x**2 + 7*x. What is u(-2)?
-4
Let r(w) = -4*w**2 + 8*w - 5. Let l(g) = g**2 - g + 1. Let d(b) = 5*l(b) + r(b). Determine d(-2).
-2
Let c = 8 - -3. Let m(r) = -4*r + 14. Let d(h) = 6*h - 1 + 8 - 16*h + 8*h. Let w(z) = c*d(z) - 6*m(z). Calculate w(6).
5
Suppose -5*o + 5 = -0*o. Let c(d) = 6 - 2 + 4*d**2 - 2 - o. What is c(1)?
5
Let i = 12 - 12. Let o(m) = m + 3. Calculate o(i).
3
Let g be 6/(-4) - (-56)/16. Let i(x) = -x**g + 6 + x - 1 + 2 + 0. What is i(0)?
7
Let n(u) = 2*u - 1. Let b(v) = 3*v - 1. Let p(h) = 3*b(h) - 4*n(h). Let c = 0 - 1. Let k = c + 2. Give p(k).
2
Let m(d) = 14*d - 1. Suppose -y + 6 = 3*k - 1, 0 = 3*k + 5*y - 23. Calculate m(k).
13
Let n be (-2)/(-5*(-8)/100). Let q = 10 + n. Let b(z) = z**2 - 7*z + 5. Give b(q).
-5
Let r(l) = l**2 - 2. Let z(f) = 10*f**2 + f. Let w be z(1). Suppose 0 = 5*i + w + 4. Let p be (-1)/((-3)/18*i). What is r(p)?
2
Suppose 5*d = 2*m + 35, -2*d - m - 1 = -6. Let h(q) = q + 4 + 5*q - d*q. Give h(-4).
0
Let b(r) = -r**3 + 10*r**2 + 10*r + 6. Suppose 5*k - 56 = -l, 4*l - 23 = -3*k + 14. Give b(k).
-5
Let a(i) = 3*i + 1. Let w(q) = -9*q - 3. Suppose 12 = -0*m - 2*m. Let r(k) = -18*k + 1. Let z be r(1). Let f(j) = m*w(j) + z*a(j). Calculate f(-2).
-5
Let h(w) = -5*w - 4. Let t(z) = -z**2 - z - 1. Let x(j) = h(j) - 3*t(j). Calculate x(-1).
4
Let j(f) = f - 2. Suppose 25 = -6*h + 11*h. Give j(h).
3
Let q(r) = r - 2. Let h(g) = g - 1. Let f(i) = 3*h(i) - q(i). What is f(7)?
13
Let l(g) = g**3 - 4*g**2 + 3*g - 7. Let i(q) = -3*q**3 + 8*q**2 - 5*q + 15. Let a(u) = -2*i(u) - 5*l(u). Let h = -9 - -4. Let r = 0 + h. Calculate a(r).
5
Let t(y) = y**2 - 5*y - 9. Let b be t(7). Suppose b*l - 14 = 4*j, j = -j + 5*l - 12. Let x be (j - 4)*5/(-25). Let z(r) = -4*r - 1. Calculate z(x).
-5
Suppose 6 - 21 = -5*b. Let d(u) = u + 1. Let h(n) = 2*n + 2. Let g(i) = 6*d(i) - 4*h(i). What is g(b)?
-8
Let f(y) = y - 3. Let h(x) = x**3 + 4*x**2 - 7*x - 6. Let v be h(-5). Suppose 0 = -m - 5*k - 1 + 2, m = -v*k. Determine f(m).
-7
Let m = 6 + -4. Let s(i) = -m*i - 3 - 2*i**2 - i - 5*i. Let l(d) = 3*d**2 + 9*d + 3. Let o(f) = -3*l(f) - 4*s(f). Determine o(4).
7
Let c(t) = -t**3 + 4*t**2 - 1. Let z be c(4). Let k(w) = -9*w**3 - 19*w**2 - 11. Let s(o) = -3*o**3 - 7*o**2 - 4. Let m(n) = 4*k(n) - 11*s(n). Determine m(z).
4
Let c be 1 + 0 + -1 + 2. Suppose -19 - 1 = -5*n. Let t(a) = 3*a - 2*a**2 + 2*a + a + a**3 - n*a. Calculate t(c).
4
Suppose -4*i = 3*n + 10, 4*n - 24 = -0*n + 4*i. Let k(v) be the second derivative of v**4/6 - 2*v**3/3 + v**2 + 3*v - 28. Determine k(n).
2
Suppose -5*l = -4*l + 2. Let p(j) = -7*j + 3. Let g(u) = -4*u + 2. Suppose 3*w + 5*i = 1, 2*w + 4*i + 1 = -w. Let s(f) = w*p(f) + 5*g(f). What is s(l)?
-1
Let x be 4/3*3/2. Let g be (0*3/(-6))/x. Let a(k) = -k**3 - k**2 - k + 4. Give a(g).
4
Let o(z) be the third derivative of -z**5/60 - z**4/4 - z**3/3 + z**2. Suppose -b + 4 = 0, -13 = c + 2*b - 4*b. What is o(c)?
3
Let k(c) = -4*c - 2. Suppose -2*n = n - 3. Let x(v) = -v - 2. Let t(m) = m + 1. Let q(f) = 2*t(f) + x(f). Let g(w) = n*k(w) + 5*q(w). What is g(6)?
4
Let f(t) = -2*t + 4. Let b be ((-2)/3)/(2/(-9)). Suppose -k = -y - 4, 0*y = 5*k + b*y + 20. Let c be k/(((-4)/(-6))/(-2)). Give f(c).
-2
Let r(d) = -d**3 - d**2 + d + 1. Let c(q) = 6*q**3 + 8*q**2 - 5*q - 1. Let z(h) = -c(h) - 5*r(h). Calculate z(-4).
12
Let q(h) = -h**2 - 5*h - 3. Let x be q(-3). Let z(a) = -2*a**x + 0*a**2 - 3*a**2 + 4*a**2. Let n be z(-1). Let d(f) = f**3 - 4*f**2 + f. What is d(n)?
-6
Let h = -24 - -27. Let a(f) = f**2 - 4*f + 4. Calculate a(h).
1
Let z(c) be the third derivative of -c**4/6 + c**3/6 + 54*c**2. Let u be (6/8 - 1)*-4. Determine z(u).
-3
Let d(h) be the second derivative of h**4/6 + h**3/2 - 3*h**2/2 + h - 22. Determine d(2).
11
Suppose 2*s + 5*y - 33 = 0, 3*s + 11 = 5*y - 2. Let v(r) = s*r**2 - 2*r + 3*r + 0*r. Let a = 15 - 14. What is v(a)?
5
Let o(r) = -67 + 35 + 6*r**2 + 29 + r**3 + 4*r. Determine o(-5).
2
Let s(i) = -i**3 - 4*i**2 + 3*i - 5. Let k be s(-5). Let z = -3 - -8. Let u(m) = 7 + 0*m + z - m. Give u(k).
7
Let l(n) = -n + 1. Let r(h) = -h**2 - 9*h + 3. Let f(t) = -3*l(t) + r(t). What is f(-6)?
0
Let n be ((22 - 3) + -1)*2. Suppose -c + n = 3*c + 5*x, 8 = -c + 3*x. Let z(b) = b - 2. Calculate z(c).
2
Let d(a) = -a**2 + 16*a - 15. Let m be d(14). Let u(r) = 24*r - 6*r**2 - m*r - 9*r + r**3 - 8. Give u(6).
4
Let b(r) = -r**2 - 4*r + 2. Let v be b(-5). Let d(t) = -t**3 - t. Let a(c) = -3*c**3 - 3*c**2 + 4. Let g(x) = a(x) - 2*d(x). Give g(v).
-2
Let c(b) be the second derivative of -4*b + 1/4*b**4 + 0 + 1/20*b**5 - 5/6*b**3 + 1/2*b**2. Give c(-4).
5
Let x(k) be the first derivative of -k**3/3 + 2*k**2 + 2*k - 9. Let v(y) be the first derivative of x(y). Let j be -2*(0 + 3/(-2)). Give v(j).
-2
Let r(j) = 1. Let m(t) = t + 6. Let u(z) = m(z) - 6*r(z). Calculate u(6).
6
Let s(z) be the third derivative of 0*z**4 - 7/60*z**5 + 0*z + 0 - 1/6*z**3 - 2*z**2. Let i(f) = 7*f**2 + 1. Let p(m) = 5*i(m) + 4*s(m). Give p(1).
8
Let k be 5/20 + (-10)/8. Let f(t) = t**3 + t + 1. Give f(k).
-1
Let o(h) be the third derivative of 1/8*h**4 + 0*h + 1/60*h**5 + 1/6*h**3 - 3*h**2 + 0 - 1/120*h**6. Determine o(3).
-8
Let t be 8/28 - 80/(-14). Let j(s) = s**3 + 0*s + t*s**2 - 5*s**2 - 3*s + s. Calculate j(-2).
0
Suppose -35 = -5*u - 5*o, -u + 5*o + 2 = 19. Suppose 2*b - z - 2 = u*b, 5*b - 2*z = -31. Let c(v) = 5 + 18*v**2 - 3*v + 17*v**2 - 36*v**2. What is c(b)?
-5
Suppose -2*h = 6, -v + 0*h - 2*h = 4. Let g(t) be the second derivative of 1/3*t**3 + 0 - t**2 - 1/4*t**4 + 1/20*t**5 + t. Determine g(v).
-2
Let v(t) = 3*t**3 - 3*t**2 + 1. Suppose 2*z = 3*d - 11, z = -2*d - 0*z + 5. Let r(m) = -2